{"id":1042,"date":"2025-04-09T19:23:59","date_gmt":"2025-04-09T22:23:59","guid":{"rendered":"https:\/\/silviabyoga.com\/yogaforall\/?page_id=1042"},"modified":"2025-04-14T11:03:56","modified_gmt":"2025-04-14T14:03:56","slug":"clases-en-espanol","status":"publish","type":"page","link":"https:\/\/silviabyoga.com\/yogaforall\/clases-en-espanol\/","title":{"rendered":"Clases en espa\u00f1ol"},"content":{"rendered":"\t\t<div data-elementor-type=\"wp-page\" data-elementor-id=\"1042\" class=\"elementor elementor-1042\">\n\t\t\t\t<div class=\"elementor-element elementor-element-19f464a e-flex e-con-boxed wpr-particle-no wpr-jarallax-no wpr-parallax-no wpr-sticky-section-no e-con e-parent\" data-id=\"19f464a\" data-element_type=\"container\">\n\t\t\t\t\t<div class=\"e-con-inner\">\n\t\t<div class=\"elementor-element elementor-element-d26f300 e-con-full e-flex wpr-particle-no wpr-jarallax-no wpr-parallax-no wpr-sticky-section-no e-con e-child\" data-id=\"d26f300\" data-element_type=\"container\">\n\t\t\t\t<div class=\"elementor-element elementor-element-38a3f54 elementor-widget elementor-widget-image\" data-id=\"38a3f54\" data-element_type=\"widget\" data-widget_type=\"image.default\">\n\t\t\t\t<div class=\"elementor-widget-container\">\n\t\t\t\t\t\t\t\t\t\t\t\t\t\t\t<img fetchpriority=\"high\" decoding=\"async\" width=\"800\" height=\"620\" src=\"https:\/\/silviabyoga.com\/yogaforall\/wp-content\/uploads\/2025\/04\/clase-de-yoga-en-espanol-1024x794.jpg\" class=\"attachment-large size-large wp-image-1214\" alt=\"\" srcset=\"https:\/\/silviabyoga.com\/yogaforall\/wp-content\/uploads\/2025\/04\/clase-de-yoga-en-espanol-1024x794.jpg 1024w, https:\/\/silviabyoga.com\/yogaforall\/wp-content\/uploads\/2025\/04\/clase-de-yoga-en-espanol-300x233.jpg 300w, https:\/\/silviabyoga.com\/yogaforall\/wp-content\/uploads\/2025\/04\/clase-de-yoga-en-espanol-768x596.jpg 768w, https:\/\/silviabyoga.com\/yogaforall\/wp-content\/uploads\/2025\/04\/clase-de-yoga-en-espanol-600x465.jpg 600w, https:\/\/silviabyoga.com\/yogaforall\/wp-content\/uploads\/2025\/04\/clase-de-yoga-en-espanol.jpg 1280w\" sizes=\"(max-width: 800px) 100vw, 800px\" \/>\t\t\t\t\t\t\t\t\t\t\t\t\t\t\t<\/div>\n\t\t\t\t<\/div>\n\t\t\t\t<div class=\"elementor-element elementor-element-761e239 elementor-widget elementor-widget-text-editor\" data-id=\"761e239\" data-element_type=\"widget\" data-widget_type=\"text-editor.default\">\n\t\t\t\t<div class=\"elementor-widget-container\">\n\t\t\t\t\t\t\t\t\t<p class=\"\" data-start=\"299\" data-end=\"516\">Coordinamos los d\u00edas y horarios de las clases v\u00eda mail: <a href=\"mailto:silviabaldwinyoga@gmail.com\">silviabaldwinyoga@gmail.com<\/a><\/p><p class=\"\" data-start=\"951\" data-end=\"1103\">\u00a0<\/p>\t\t\t\t\t\t\t\t<\/div>\n\t\t\t\t<\/div>\n\t\t\t\t<\/div>\n\t\t<div class=\"elementor-element elementor-element-d8cc97c e-con-full e-flex wpr-particle-no wpr-jarallax-no wpr-parallax-no wpr-sticky-section-no e-con e-child\" data-id=\"d8cc97c\" data-element_type=\"container\">\n\t\t\t\t<div class=\"elementor-element elementor-element-7ba9de2 elementor-widget elementor-widget-text-editor\" data-id=\"7ba9de2\" data-element_type=\"widget\" data-widget_type=\"text-editor.default\">\n\t\t\t\t<div class=\"elementor-widget-container\">\n\t\t\t\t\t\t\t\t\t<p class=\"\" data-start=\"299\" data-end=\"516\">Ya sea que est\u00e9s buscando una pr\u00e1ctica desde la comodidad de tu hogar o prefieras la energ\u00eda del encuentro presencial, te acompa\u00f1o con clases de yoga en espa\u00f1ol adaptadas a tu ritmo y necesidades.\u00a0<\/p><p class=\"\" data-start=\"518\" data-end=\"723\">Las <strong data-start=\"522\" data-end=\"539\">clases online<\/strong> te permiten conectarte desde cualquier lugar del mundo, en vivo, para que practiques a tu tiempo, con propuestas accesibles y guiadas de forma clara y consciente.<\/p><p class=\"\" data-start=\"725\" data-end=\"949\">Tambi\u00e9n pod\u00e9s sumarte a las <strong data-start=\"804\" data-end=\"827\">clases presenciales<\/strong>, donde compartimos un espacio c\u00e1lido, de conexi\u00f3n y bienestar, con atenci\u00f3n personalizada y un enfoque integral del yoga.<\/p><p class=\"\" data-start=\"951\" data-end=\"1103\">No importa tu nivel de experiencia: ac\u00e1 encontrar\u00e1s un lugar para reconectar con vos, fortalecer tu cuerpo, calmar la mente y respirar m\u00e1s profundo.<\/p><p class=\"\" data-start=\"951\" data-end=\"1103\">\u00a0<\/p>\t\t\t\t\t\t\t\t<\/div>\n\t\t\t\t<\/div>\n\t\t\t\t<\/div>\n\t\t\t\t\t<\/div>\n\t\t\t\t<\/div>\n\t\t<div class=\"elementor-element elementor-element-468533b e-flex e-con-boxed wpr-particle-no wpr-jarallax-no wpr-parallax-no wpr-sticky-section-no e-con e-parent\" data-id=\"468533b\" data-element_type=\"container\">\n\t\t\t\t\t<div class=\"e-con-inner\">\n\t\t\t\t\t<\/div>\n\t\t\t\t<\/div>\n\t\t\t\t<\/div>\n\t\t","protected":false},"excerpt":{"rendered":"<p>Coordinamos los d\u00edas y horarios de las clases v\u00eda mail: silviabaldwinyoga@gmail.com \u00a0 Ya sea que est\u00e9s buscando una pr\u00e1ctica desde la comodidad de tu hogar o prefieras la energ\u00eda del encuentro presencial, te acompa\u00f1o con clases de yoga en espa\u00f1ol adaptadas a tu ritmo y necesidades.\u00a0 Las clases online te permiten conectarte desde cualquier lugar del mundo, en vivo, para que practiques a tu tiempo, con propuestas accesibles y guiadas de forma clara y consciente. Tambi\u00e9n pod\u00e9s sumarte a las clases presenciales, donde compartimos un espacio c\u00e1lido, de conexi\u00f3n y bienestar, con atenci\u00f3n personalizada y un enfoque integral del yoga. No importa tu nivel de experiencia: ac\u00e1 encontrar\u00e1s un lugar para reconectar con vos, fortalecer tu cuerpo, calmar la mente y respirar m\u00e1s profundo. \u00a0<\/p>\n","protected":false},"author":1,"featured_media":0,"parent":0,"menu_order":0,"comment_status":"closed","ping_status":"closed","template":"","meta":{"footnotes":""},"class_list":["post-1042","page","type-page","status-publish","hentry"],"_links":{"self":[{"href":"https:\/\/silviabyoga.com\/yogaforall\/wp-json\/wp\/v2\/pages\/1042","targetHints":{"allow":["GET"]}}],"collection":[{"href":"https:\/\/silviabyoga.com\/yogaforall\/wp-json\/wp\/v2\/pages"}],"about":[{"href":"https:\/\/silviabyoga.com\/yogaforall\/wp-json\/wp\/v2\/types\/page"}],"author":[{"embeddable":true,"href":"https:\/\/silviabyoga.com\/yogaforall\/wp-json\/wp\/v2\/users\/1"}],"replies":[{"embeddable":true,"href":"https:\/\/silviabyoga.com\/yogaforall\/wp-json\/wp\/v2\/comments?post=1042"}],"version-history":[{"count":0,"href":"https:\/\/silviabyoga.com\/yogaforall\/wp-json\/wp\/v2\/pages\/1042\/revisions"}],"wp:attachment":[{"href":"https:\/\/silviabyoga.com\/yogaforall\/wp-json\/wp\/v2\/media?parent=1042"}],"curies":[{"name":"wp","href":"https:\/\/api.w.org\/{rel}","templated":true}]}}